d 490.
10
Calculate the highest common divisor of 3306 and 87.
87
What is the highest common divisor of 8 and 8972?
4
What is the highest common factor of 152 and 3268?
76
What is the highest common divisor of 56 and 1064?
56
What is the greatest common divisor of 43 and 5504?
43
Calculate the highest common divisor of 464 and 145.
29
What is the greatest common divisor of 264 and 2706?
66
Calculate the greatest common divisor of 40157 and 13.
13
What is the highest common factor of 198 and 110?
22
Calculate the greatest common divisor of 2744 and 616.
56
What is the highest common divisor of 16 and 11648?
16
Calculate the greatest common factor of 1264 and 16.
16
What is the greatest common divisor of 20 and 1220?
20
What is the greatest common divisor of 32 and 88?
8
What is the highest common divisor of 104 and 552?
8
What is the greatest common factor of 10575 and 900?
225
Calculate the highest common factor of 2162 and 564.
94
What is the highest common factor of 91 and 7?
7
Calculate the greatest common factor of 94 and 423.
47
Calculate the greatest common factor of 488 and 11834.
122
What is the highest common divisor of 483 and 336?
21
Calculate the greatest common divisor of 14 and 16.
2
What is the highest common factor of 55 and 11?
11
What is the highest common factor of 66 and 7557?
33
Calculate the greatest common factor of 80 and 220.
20
What is the greatest common factor of 308 and 12452?
44
Calculate the highest common factor of 18278 and 741.
247
Calculate the highest common factor of 154 and 126.
14
What is the greatest common factor of 1692 and 1316?
188
Calculate the greatest common factor of 23 and 1104.
23
Calculate the greatest common divisor of 77 and 224.
7
What is the greatest common factor of 322 and 3703?
161
What is the greatest common factor of 212 and 8?
4
What is the highest common factor of 665 and 1045?
95
Calculate the greatest common divisor of 85 and 85.
85
What is the greatest common divisor of 17920 and 210?
70
Calculate the greatest common divisor of 3587 and 2321.
211
Calculate the greatest common divisor of 111 and 1369.
37
What is the greatest common divisor of 56 and 48?
8
Calculate the greatest common factor of 50 and 3475.
25
What is the greatest common factor of 160 and 20?
20
Calculate the greatest common factor of 502 and 18825.
251
What is the highest common factor of 170 and 1490?
10
What is the highest common divisor of 35 and 1015?
35
Calculate the highest common factor of 126 and 306.
18
What is the highest common factor of 21 and 525?
21
Calculate the highest common factor of 1400 and 56.
56
What is the greatest common factor of 18 and 174?
6
What is the greatest common divisor of 72 and 204?
12
What is the highest common divisor of 342 and 5301?
171
Calculate the greatest common divisor of 114 and 76.
38
What is the highest common factor of 518 and 14?
14
Calculate the greatest common divisor of 119 and 1649.
17
Calculate the highest common factor of 6 and 7962.
6
Calculate the highest common divisor of 1298 and 354.
118
Calculate the highest common factor of 22 and 1507.
11
What is the greatest common divisor of 13 and 11700?
13
Calculate the highest common divisor of 512 and 96.
32
What is the highest common factor of 2664 and 144?
72
Calculate the highest common divisor of 161 and 7.
7
What is the greatest common divisor of 36 and 630?
18
What is the highest common factor of 2632 and 1288?
56
Calculate the greatest common factor of 1776 and 128.
16
Calculate the highest common divisor of 134 and 1541.
67
Calculate the highest common factor of 519 and 865.
173
What is the highest common divisor of 20732 and 146?
146
What is the highest common divisor of 3546 and 985?
197
Calculate the greatest common divisor of 54 and 96.
6
Calculate the greatest common factor of 65 and 2015.
65
What is the highest common divisor of 24 and 3768?
24
What is the greatest common divisor of 232 and 6322?
58
Calculate the highest common factor of 10 and 11510.
10
What is the greatest common factor of 352 and 96?
32
Calculate the greatest common factor of 16 and 24512.
16
What is the greatest common factor of 108 and 888?
12
Calculate the highest common factor of 13 and 5161.
13
Calculate the greatest common factor of 16 and 5.
1
Calculate the greatest common factor of 30 and 790.
10
Calculate the greatest common divisor of 24 and 3072.
24
What is the greatest common factor of 23 and 1242?
23
What is the highest common factor of 712 and 24?
8
Calculate the highest common factor of 484 and 3630.
242
Calculate the greatest common divisor of 196 and 4018.
98
Calculate the highest common divisor of 6 and 111.
3
Calculate the highest common factor of 501 and 42.
3
Calculate the greatest common factor of 564 and 188.
188
Calculate the highest common factor of 36 and 3.
3
Calculate the greatest common divisor of 162 and 36.
18
Calculate the highest common factor of 378 and 49.
7
Calculate the greatest common divisor of 4100 and 20.
20
What is the highest common factor of 203 and 14?
7
Calculate the highest common factor of 80 and 17720.
40
What is the greatest common divisor of 49 and 5?
1
Calculate the highest common divisor of 5 and 1315.
5
Calculate the highest common divisor of 10 and 3530.
10
What is the greatest common divisor of 134 and 4?
2
Calculate the highest common divisor of 138 and 598.
46
What is the highest common factor of 720 and 7632?
144
Calculate the greatest common divisor of 22528 and 88.
88
Calculate the greatest common factor of 15 and 115.
5
What is the highest common factor of 24 and 228?
12
What is the highest common divisor of 112 and 9716?
28
Calculate the highest common divisor of 180 and 1044.
36
What is the highest common factor of 169 and 26?
13
Calculate the greatest common divisor of 168 and 21.
21
What is the highest common divisor of 183 and 305?
61
What is the highest common factor of 34 and 18?
2
What is the highest common divisor of 95 and 57?
19
Calculate the greatest common divisor of 1701 and 441.
63
What is the greatest common divisor of 675 and 125?
25
Calculate the greatest common factor of 354 and 18.
6
What is the greatest common divisor of 247 and 1703?
13
Calculate the highest common factor of 126 and 210.
42
What is the highest common factor of 144 and 360?
72
Calculate the greatest common divisor of 85 and 629.
17
What is the highest common divisor of 315 and 333?
9
What is the highest common factor of 1556 and 4?
4
What is the highest common factor of 24 and 324?
12
What is the greatest common divisor of 108 and 1476?
36
What is the greatest common factor of 2 and 162?
2
Calculate the greatest common factor of 184 and 8.
8
Calculate the greatest common factor of 42 and 12.
6
What is the highest common divisor of 91 and 39?
13
Calculate the greatest common divisor of 5253 and 510.
51
Calculate the greatest common factor of 1786 and 57.
19
Calculate the highest common divisor of 3672 and 1944.
216
What is the greatest common divisor of 8 and 128?
8
Calculate the greatest common divisor of 68 and 692.
4
Calculate the highest common divisor of 22 and 22.
22
Calculate the greatest common factor of 75 and 11575.
25
Calculate the highest common divisor of 63 and 84.
21
What is the highest common factor of 219 and 14016?
219
What is the greatest common divisor of 207 and 92?
23
What is the highest common factor of 1156 and 867?
289
What is the greatest common divisor of 288 and 1098?
18
What is the highest common divisor of 84 and 63?
21
Calculate the highest common divisor of 2 and 998.
2
What is the greatest common factor of 3 and 3?
3
Calculate the highest common factor of 1818 and 36.
18
Calculate the highest common factor of 7 and 17.
1
Calculate the highest common factor of 5823 and 63.
9
What is the highest common divisor of 1035 and 1265?
115
Calculate the highest common divisor of 1 and 16.
1
Calculate the highest common divisor of 14499 and 716.
179
Calculate the highest common divisor of 50278 and 92.
46
What is the highest common divisor of 414 and 18?
18
Calculate the greatest common factor of 129 and 473.
43
Calculate the greatest common factor of 28215 and 27.
27
What is the highest common divisor of 104 and 351?
13
Calculate the greatest common fac